{"id":1184,"date":"2021-08-31T08:25:36","date_gmt":"2021-08-31T01:25:36","guid":{"rendered":"http:\/\/jinx.la-studioweb.com\/?page_id=1184"},"modified":"2024-10-23T14:36:07","modified_gmt":"2024-10-23T19:36:07","slug":"about-us-02","status":"publish","type":"page","link":"https:\/\/kamisamastore.com\/?page_id=1184","title":{"rendered":"Bienvenidos a Kamisama"},"content":{"rendered":"\t\t<div data-elementor-type=\"wp-page\" data-elementor-id=\"1184\" class=\"elementor elementor-1184\">\n\t\t\t\t\t\t<div class=\"elementor-section elementor-top-section elementor-element elementor-element-a82d69f elementor-section-boxed elementor-section-height-default elementor-section-height-default e-parent\" data-id=\"a82d69f\" data-element_type=\"section\">\n\t\t\t\t\t\t<div class=\"elementor-container elementor-column-gap-custom\">\n\t\t\t\t\t<div class=\"elementor-column elementor-col-50 elementor-top-column elementor-element elementor-element-1fbbf9c lakit-col-width-auto-no\" data-id=\"1fbbf9c\" data-element_type=\"column\">\n\t\t\t<div class=\"elementor-widget-wrap elementor-element-populated\">\n\t\t\t\t\r\n\t\t<div class=\"elementor-element elementor-element-237ed3e elementor-widget elementor-widget-heading\" data-id=\"237ed3e\" data-element_type=\"widget\" data-widget_type=\"heading.default\">\n\t\t\t\t<div class=\"elementor-widget-container\">\n\t\t\t<h2 class=\"elementor-heading-title elementor-size-default\">Bienvenidos a  <span>KAMISAMA<\/span><\/h2>\t\t<\/div>\n\t\t\t\t<\/div>\n\t\t\t\t<div class=\"elementor-element elementor-element-a1e0025 elementor-widget-tablet__width-initial elementor-widget elementor-widget-text-editor\" data-id=\"a1e0025\" data-element_type=\"widget\" data-widget_type=\"text-editor.default\">\n\t\t\t\t<div class=\"elementor-widget-container\">\n\t\t\t\t\t\t\t<p>Somos apasionados por el K-pop, el anime y las \u00faltimas tendencias en Corea, Jap\u00f3n y China. En KAMISAMA, ofrecemos productos exclusivos, desde art\u00edculos fanmade hasta productos originales, importados directamente de Asia.<\/p>\t\t\t\t\t\t<\/div>\n\t\t\t\t<\/div>\n\t\t\t\t\t<\/div>\n\t\t<\/div>\n\t\t\t\t<div class=\"elementor-column elementor-col-50 elementor-top-column elementor-element elementor-element-f81d959 lakit-col-width-auto-no elementor-invisible\" data-id=\"f81d959\" data-element_type=\"column\" data-settings=\"{&quot;animation&quot;:&quot;fadeIn&quot;}\">\n\t\t\t<div class=\"elementor-widget-wrap elementor-element-populated\">\n\t\t\t\t\t\t<div class=\"elementor-element elementor-element-b3e03b1 elementor-widget__width-initial elementor-widget-tablet__width-initial elementor-widget-mobile_extra__width-initial elementor-widget-mobile__width-initial elementor-widget elementor-widget-image\" data-id=\"b3e03b1\" data-element_type=\"widget\" data-settings=\"{&quot;motion_fx_motion_fx_mouse&quot;:&quot;yes&quot;,&quot;motion_fx_tilt_effect&quot;:&quot;yes&quot;,&quot;motion_fx_tilt_speed&quot;:{&quot;unit&quot;:&quot;px&quot;,&quot;size&quot;:1.5,&quot;sizes&quot;:[]},&quot;motion_fx_devices&quot;:[&quot;mobile&quot;,&quot;mobile_extra&quot;,&quot;tablet&quot;,&quot;laptop&quot;,&quot;desktop&quot;]}\" data-widget_type=\"image.default\">\n\t\t\t\t<div class=\"elementor-widget-container\">\n\t\t\t\t\t\t\t\t\t\t\t\t\t<img fetchpriority=\"high\" decoding=\"async\" width=\"500\" height=\"600\" src=\"https:\/\/kamisamastore.com\/wp-content\/uploads\/2024\/07\/aneetez-kpop-Bogota.png\" class=\"attachment-full size-full wp-image-4893\" alt=\"aneetez kpop Bogota\" \/>\t\t\t\t\t\t\t\t\t\t\t\t\t<\/div>\n\t\t\t\t<\/div>\n\t\t\t\t\t<\/div>\n\t\t<\/div>\n\t\t\t\t\t<\/div>\n\t\t<\/div>\n\t\t\t\t<div class=\"elementor-section elementor-top-section elementor-element elementor-element-f6a1f9d elementor-section-boxed elementor-section-height-default elementor-section-height-default e-parent\" data-id=\"f6a1f9d\" data-element_type=\"section\" data-settings=\"{&quot;background_background&quot;:&quot;classic&quot;}\">\n\t\t\t\t\t\t<div class=\"elementor-container elementor-column-gap-wide\">\n\t\t\t\t\t<div class=\"elementor-column elementor-col-50 elementor-top-column elementor-element elementor-element-26696ad lakit-col-width-auto-no\" data-id=\"26696ad\" data-element_type=\"column\">\n\t\t\t<div class=\"elementor-widget-wrap elementor-element-populated\">\n\t\t\t\t\t\t<div class=\"elementor-element elementor-element-76b87ef elementor-widget elementor-widget-image\" data-id=\"76b87ef\" data-element_type=\"widget\" data-widget_type=\"image.default\">\n\t\t\t\t<div class=\"elementor-widget-container\">\n\t\t\t\t\t\t\t\t\t\t\t\t\t<img decoding=\"async\" width=\"2000\" height=\"1333\" src=\"https:\/\/kamisamastore.com\/wp-content\/uploads\/2024\/07\/expogeek-kamisamacolombia.jpg\" class=\"attachment-large size-large wp-image-4906\" alt=\"\" srcset=\"https:\/\/kamisamastore.com\/wp-content\/uploads\/2024\/07\/expogeek-kamisamacolombia.jpg 2000w, https:\/\/kamisamastore.com\/wp-content\/uploads\/2024\/07\/expogeek-kamisamacolombia-1536x1024.jpg 1536w\" sizes=\"(max-width: 2000px) 100vw, 2000px\" \/>\t\t\t\t\t\t\t\t\t\t\t\t\t<\/div>\n\t\t\t\t<\/div>\n\t\t\t\t\t<\/div>\n\t\t<\/div>\n\t\t\t\t<div class=\"elementor-column elementor-col-50 elementor-top-column elementor-element elementor-element-0af6d70 lakit-col-width-auto-no\" data-id=\"0af6d70\" data-element_type=\"column\">\n\t\t\t<div class=\"elementor-widget-wrap elementor-element-populated\">\n\t\t\t\t\t\t<div class=\"elementor-element elementor-element-71522fb elementor-widget elementor-widget-heading\" data-id=\"71522fb\" data-element_type=\"widget\" data-widget_type=\"heading.default\">\n\t\t\t\t<div class=\"elementor-widget-container\">\n\t\t\t<h2 class=\"elementor-heading-title elementor-size-default\">Comunidad<\/h2>\t\t<\/div>\n\t\t\t\t<\/div>\n\t\t\t\t<div class=\"elementor-element elementor-element-5732d2e elementor-widget elementor-widget-spacer\" data-id=\"5732d2e\" data-element_type=\"widget\" data-widget_type=\"spacer.default\">\n\t\t\t\t<div class=\"elementor-widget-container\">\n\t\t\t\t\t<div class=\"elementor-spacer\">\n\t\t\t<div class=\"elementor-spacer-inner\"><\/div>\n\t\t<\/div>\n\t\t\t\t<\/div>\n\t\t\t\t<\/div>\n\t\t\t\t<div class=\"elementor-element elementor-element-0a85cd1 elementor-widget elementor-widget-text-editor\" data-id=\"0a85cd1\" data-element_type=\"widget\" data-widget_type=\"text-editor.default\">\n\t\t\t\t<div class=\"elementor-widget-container\">\n\t\t\t\t\t\t\t<p>Nuestro objetivo es ofrecer productos de calidad y eventos innovadores para los amantes del K-pop y el anime.&nbsp;<\/p>\t\t\t\t\t\t<\/div>\n\t\t\t\t<\/div>\n\t\t\t\t\t<\/div>\n\t\t<\/div>\n\t\t\t\t\t<\/div>\n\t\t<\/div>\n\t\t<div class=\"elementor-element elementor-element-504527f e-flex e-con-boxed lakit-col-width-auto-no e-container e-root-container elementor-top-section e-con e-parent\" data-id=\"504527f\" data-element_type=\"container\">\n\t\t\t\t\t<div class=\"e-con-inner\">\n\t\t<div class=\"elementor-element elementor-element-6f36746 e-con-full e-flex lakit-col-width-auto-no e-container e-con e-child\" data-id=\"6f36746\" data-element_type=\"container\">\n\t\t\t\t<div class=\"elementor-element elementor-element-baffceb elementor-widget elementor-widget-image\" data-id=\"baffceb\" data-element_type=\"widget\" data-widget_type=\"image.default\">\n\t\t\t\t<div class=\"elementor-widget-container\">\n\t\t\t\t\t\t\t\t\t\t\t\t\t<img decoding=\"async\" width=\"85\" height=\"85\" src=\"https:\/\/kamisamastore.com\/wp-content\/uploads\/2024\/07\/logo-stage-academy-85x85.png\" class=\"attachment-kitar_85X85 size-kitar_85X85 wp-image-4908\" alt=\"\" srcset=\"https:\/\/kamisamastore.com\/wp-content\/uploads\/2024\/07\/logo-stage-academy-85x85.png 85w, https:\/\/kamisamastore.com\/wp-content\/uploads\/2024\/07\/logo-stage-academy.png 224w\" sizes=\"(max-width: 85px) 100vw, 85px\" \/>\t\t\t\t\t\t\t\t\t\t\t\t\t<\/div>\n\t\t\t\t<\/div>\n\t\t\t\t<\/div>\n\t\t<div class=\"elementor-element elementor-element-e8882fa e-con-full e-flex lakit-col-width-auto-no e-container e-con e-child\" data-id=\"e8882fa\" data-element_type=\"container\">\n\t\t\t\t<div class=\"elementor-element elementor-element-caa5659 elementor-widget elementor-widget-heading\" data-id=\"caa5659\" data-element_type=\"widget\" data-widget_type=\"heading.default\">\n\t\t\t\t<div class=\"elementor-widget-container\">\n\t\t\t<h2 class=\"elementor-heading-title elementor-size-default\">ALIADOS\nESTRATEGICOS<\/h2>\t\t<\/div>\n\t\t\t\t<\/div>\n\t\t\t\t<\/div>\n\t\t<div class=\"elementor-element elementor-element-299f555 e-con-full e-flex lakit-col-width-auto-no e-container e-con e-child\" data-id=\"299f555\" data-element_type=\"container\">\n\t\t\t\t<div class=\"elementor-element elementor-element-07f4aa1 elementor-widget elementor-widget-image\" data-id=\"07f4aa1\" data-element_type=\"widget\" data-widget_type=\"image.default\">\n\t\t\t\t<div class=\"elementor-widget-container\">\n\t\t\t\t\t\t\t\t\t\t\t\t\t<img loading=\"lazy\" decoding=\"async\" width=\"85\" height=\"85\" src=\"https:\/\/kamisamastore.com\/wp-content\/uploads\/2024\/07\/ramen-house-bogota-85x85.jpg\" class=\"attachment-kitar_85X85 size-kitar_85X85 wp-image-4909\" alt=\"\" srcset=\"https:\/\/kamisamastore.com\/wp-content\/uploads\/2024\/07\/ramen-house-bogota-85x85.jpg 85w, https:\/\/kamisamastore.com\/wp-content\/uploads\/2024\/07\/ramen-house-bogota.jpg 225w\" sizes=\"(max-width: 85px) 100vw, 85px\" \/>\t\t\t\t\t\t\t\t\t\t\t\t\t<\/div>\n\t\t\t\t<\/div>\n\t\t\t\t<\/div>\n\t\t<div class=\"elementor-element elementor-element-96c402a e-con-full e-flex lakit-col-width-auto-no e-container e-con e-child\" data-id=\"96c402a\" data-element_type=\"container\">\n\t\t\t\t<div class=\"elementor-element elementor-element-3ed42bb elementor-widget elementor-widget-image\" data-id=\"3ed42bb\" data-element_type=\"widget\" data-widget_type=\"image.default\">\n\t\t\t\t<div class=\"elementor-widget-container\">\n\t\t\t\t\t\t\t\t\t\t\t\t\t<img loading=\"lazy\" decoding=\"async\" width=\"85\" height=\"85\" src=\"https:\/\/kamisamastore.com\/wp-content\/uploads\/2024\/07\/logo-paseo-villa-del-rio-85x85.jpg\" class=\"attachment-kitar_85X85 size-kitar_85X85 wp-image-4910\" alt=\"\" srcset=\"https:\/\/kamisamastore.com\/wp-content\/uploads\/2024\/07\/logo-paseo-villa-del-rio-85x85.jpg 85w, https:\/\/kamisamastore.com\/wp-content\/uploads\/2024\/07\/logo-paseo-villa-del-rio-460x460.jpg 460w, https:\/\/kamisamastore.com\/wp-content\/uploads\/2024\/07\/logo-paseo-villa-del-rio.jpg 900w\" sizes=\"(max-width: 85px) 100vw, 85px\" \/>\t\t\t\t\t\t\t\t\t\t\t\t\t<\/div>\n\t\t\t\t<\/div>\n\t\t\t\t<\/div>\n\t\t<div class=\"elementor-element elementor-element-0052837 e-con-full e-flex lakit-col-width-auto-no e-container e-con e-child\" data-id=\"0052837\" data-element_type=\"container\">\n\t\t\t\t<div class=\"elementor-element elementor-element-43956aa elementor-widget elementor-widget-image\" data-id=\"43956aa\" data-element_type=\"widget\" data-widget_type=\"image.default\">\n\t\t\t\t<div class=\"elementor-widget-container\">\n\t\t\t\t\t\t\t\t\t\t\t\t\t<img loading=\"lazy\" decoding=\"async\" width=\"85\" height=\"85\" src=\"https:\/\/kamisamastore.com\/wp-content\/uploads\/2024\/07\/logo-kpop-union-colombia-85x85.jpg\" class=\"attachment-kitar_85X85 size-kitar_85X85 wp-image-4907\" alt=\"\" srcset=\"https:\/\/kamisamastore.com\/wp-content\/uploads\/2024\/07\/logo-kpop-union-colombia-85x85.jpg 85w, https:\/\/kamisamastore.com\/wp-content\/uploads\/2024\/07\/logo-kpop-union-colombia.jpg 400w\" sizes=\"(max-width: 85px) 100vw, 85px\" \/>\t\t\t\t\t\t\t\t\t\t\t\t\t<\/div>\n\t\t\t\t<\/div>\n\t\t\t\t<\/div>\n\t\t<div class=\"elementor-element elementor-element-5891ef9 e-con-full e-flex lakit-col-width-auto-no e-container e-con e-child\" data-id=\"5891ef9\" data-element_type=\"container\">\n\t\t\t\t<div class=\"elementor-element elementor-element-09c08bb elementor-widget elementor-widget-image\" data-id=\"09c08bb\" data-element_type=\"widget\" data-widget_type=\"image.default\">\n\t\t\t\t<div class=\"elementor-widget-container\">\n\t\t\t\t\t\t\t\t\t\t\t\t\t<img loading=\"lazy\" decoding=\"async\" width=\"85\" height=\"85\" src=\"https:\/\/kamisamastore.com\/wp-content\/uploads\/2024\/07\/logo-otageek-85x85.png\" class=\"attachment-kitar_85X85 size-kitar_85X85 wp-image-4911\" alt=\"\" srcset=\"https:\/\/kamisamastore.com\/wp-content\/uploads\/2024\/07\/logo-otageek-85x85.png 85w, https:\/\/kamisamastore.com\/wp-content\/uploads\/2024\/07\/logo-otageek.png 160w\" sizes=\"(max-width: 85px) 100vw, 85px\" \/>\t\t\t\t\t\t\t\t\t\t\t\t\t<\/div>\n\t\t\t\t<\/div>\n\t\t\t\t<\/div>\n\t\t\t\t\t<\/div>\n\t\t\t\t<\/div>\n\t\t\t\t<\/div>\n\t\t","protected":false},"excerpt":{"rendered":"<p>Bienvenidos a KAMISAMA Somos apasionados por el K-pop, el anime y las \u00faltimas tendencias en Corea, Jap\u00f3n y China. En KAMISAMA, ofrecemos productos exclusivos, desde [&hellip;]<\/p>\n","protected":false},"author":1,"featured_media":0,"parent":0,"menu_order":0,"comment_status":"closed","ping_status":"closed","template":"","meta":{"footnotes":""},"class_list":["post-1184","page","type-page","status-publish","hentry"],"aioseo_notices":[],"_links":{"self":[{"href":"https:\/\/kamisamastore.com\/index.php?rest_route=\/wp\/v2\/pages\/1184","targetHints":{"allow":["GET"]}}],"collection":[{"href":"https:\/\/kamisamastore.com\/index.php?rest_route=\/wp\/v2\/pages"}],"about":[{"href":"https:\/\/kamisamastore.com\/index.php?rest_route=\/wp\/v2\/types\/page"}],"author":[{"embeddable":true,"href":"https:\/\/kamisamastore.com\/index.php?rest_route=\/wp\/v2\/users\/1"}],"replies":[{"embeddable":true,"href":"https:\/\/kamisamastore.com\/index.php?rest_route=%2Fwp%2Fv2%2Fcomments&post=1184"}],"version-history":[{"count":17,"href":"https:\/\/kamisamastore.com\/index.php?rest_route=\/wp\/v2\/pages\/1184\/revisions"}],"predecessor-version":[{"id":4947,"href":"https:\/\/kamisamastore.com\/index.php?rest_route=\/wp\/v2\/pages\/1184\/revisions\/4947"}],"wp:attachment":[{"href":"https:\/\/kamisamastore.com\/index.php?rest_route=%2Fwp%2Fv2%2Fmedia&parent=1184"}],"curies":[{"name":"wp","href":"https:\/\/api.w.org\/{rel}","templated":true}]}}